
3, 13, 313
What are the prime factors of 2182778?
2, 13, 37, 2269
What are the prime factors of 11807548?
2, 2951887
List the prime factors of 386539.
31, 37, 337
What are the prime factors of 2229060?
2, 3, 5, 97, 383
What are the prime factors of 607640?
2, 5, 11, 1381
List the prime factors of 4714762.
2, 13, 29, 37
What are the prime factors of 1309085?
5, 17, 15401
What are the prime factors of 1655442?
2, 3, 91969
List the prime factors of 1994876.
2, 13, 227
List the prime factors of 5715170.
2, 5, 73, 7829
What are the prime factors of 1231431?
3, 410477
List the prime factors of 1748654.
2, 17, 51431
List the prime factors of 190891.
190891
What are the prime factors of 545968?
2, 34123
What are the prime factors of 108605?
5, 7, 29, 107
What are the prime factors of 4170082?
2, 7, 19, 61, 257
What are the prime factors of 229758?
2, 3, 149, 257
List the prime factors of 434455.
5, 7, 12413
What are the prime factors of 5056527?
3, 7, 19, 23, 29
What are the prime factors of 512895?
3, 5, 31, 1103
What are the prime factors of 222228?
2, 3, 6173
List the prime factors of 1392242.
2, 83, 8387
List the prime factors of 1922797.
191, 10067
List the prime factors of 23223276.
2, 3, 645091
List the prime factors of 4705253.
7, 37, 491
What are the prime factors of 15549420?
2, 3, 5, 259157
List the prime factors of 1281393.
3, 47459
What are the prime factors of 144893?
7, 2957
What are the prime factors of 5980433?
5980433
List the prime factors of 9503381.
97, 97973
What are the prime factors of 1159282?
2, 579641
What are the prime factors of 174338?
2, 61, 1429
What are the prime factors of 2917816?
2, 11, 71, 467
List the prime factors of 9907895.
5, 677, 2927
What are the prime factors of 614473?
653, 941
What are the prime factors of 1714?
2, 857
What are the prime factors of 24984115?
5, 13, 29567
What are the prime factors of 11423074?
2, 13, 439349
List the prime factors of 142861.
19, 73, 103
What are the prime factors of 16672594?
2, 8336297
List the prime factors of 11230.
2, 5, 1123
What are the prime factors of 2301731?
47, 48973
What are the prime factors of 12709321?
677, 18773
What are the prime factors of 6941280?
2, 3, 5, 14461
What are the prime factors of 558944?
2, 17467
List the prime factors of 5022408.
2, 3, 209267
What are the prime factors of 1955804?
2, 113, 4327
What are the prime factors of 38796?
2, 3, 53, 61
What are the prime factors of 2211146?
2, 7, 43, 3673
What are the prime factors of 441000?
2, 3, 5, 7
List the prime factors of 12425479.
11, 53, 21313
What are the prime factors of 431332?
2, 11, 9803
List the prime factors of 7638265.
5, 97, 15749
What are the prime factors of 1071926?
2, 107, 5009
What are the prime factors of 2264770?
2, 5, 37, 6121
List the prime factors of 882154.
2, 7, 13, 37, 131
What are the prime factors of 185862?
2, 3, 30977
List the prime factors of 63948.
2, 3, 73
List the prime factors of 2303664.
2, 3, 11, 4363
List the prime factors of 2895848.
2, 17, 107, 199
List the prime factors of 178656.
2, 3, 1861
What are the prime factors of 425438?
2, 13, 16363
List the prime factors of 9791225.
5, 457, 857
List the prime factors of 287116.
2, 179, 401
What are the prime factors of 6266660?
2, 5, 313333
List the prime factors of 469125.
3, 5, 139
What are the prime factors of 394184?
2, 7, 7039
What are the prime factors of 1475659?
47, 31397
List the prime factors of 62655.
3, 5, 4177
What are the prime factors of 8979300?
2, 3, 5, 11, 907
What are the prime factors of 798495?
3, 5, 53233
List the prime factors of 6144069.
3, 1381, 1483
What are the prime factors of 1100698?
2, 101, 5449
List the prime factors of 13042622.
2, 67, 131, 743
What are the prime factors of 14471530?
2, 5, 1447153
What are the prime factors of 1272461?
1272461
What are the prime factors of 10978029?
3, 19, 43, 1493
What are the prime factors of 250386?
2, 3, 29, 1439
List the prime factors of 455640.
2, 3, 5, 3797
List the prime factors of 6620637.
3, 127, 17377
What are the prime factors of 2055793?
17, 120929
List the prime factors of 250538.
2, 125269
List the prime factors of 14903139.
3, 89, 55817
What are the prime factors of 2534684?
2, 31, 20441
List the prime factors of 840481.
79, 10639
List the prime factors of 6260225.
5, 250409
What are the prime factors of 13393469?
97, 138077
What are the prime factors of 432573?
3, 19, 7589
What are the prime factors of 825048?
2, 3, 7, 1637
What are the prime factors of 88971?
3, 47, 631
List the prime factors of 3231678.
2, 3, 67, 8039
What are the prime factors of 358137?
3, 13, 3061
What are the prime factors of 3441374?
2, 359, 4793
List the prime factors of 310707.
3, 19, 23, 79
What are the prime factors of 1951863?
3, 47, 109, 127
What are the prime factors of 946903?
19, 43, 61
What are the prime factors of 294082?
2, 19, 71, 109
List the prime factors of 685543.
73, 9391
List the prime factors of 7179111.
3, 263, 337
What are the prime factors of 3761242?
2, 29, 64849
List the prime factors of 7424754.
2, 3, 29, 71, 601
List the prime factors of 230535.
3, 5, 47, 109
What are the prime factors of 66987?
3, 827
List the prime factors of 260735.
5, 52147
List the prime factors of 788030.
2, 5, 78803
List the prime factors of 10734.
2, 3, 1789
List the prime factors of 230346.
2, 3, 67, 191
What are the prime factors of 198847?
11, 18077
List the prime factors of 26106039.
3, 829, 3499
List the prime factors of 5148102.
2, 3, 53, 16189
What are the prime factors of 6857?
6857
What are the prime factors of 325935?
3, 5, 7243
What are the prime factors of 1138451?
1138451
What are the prime factors of 7941329?
11, 17, 42467
What are the prime factors of 811217?
11, 29, 2543
What are the prime factors of 955667?
613, 1559
List the prime factors of 7647230.
2, 5, 764723
What are the prime factors of 906244?
2, 71, 3191
List the prime factors of 11127749.
19, 585671
What are the prime factors of 282629?
233, 1213
What are the prime factors of 300820?
2, 5, 13, 89
List the prime factors of 195284.
2, 48821
List the prime factors of 37500358.
2, 7, 2678597
List the prime factors of 202606.
2, 17, 59, 101
What are the prime factors of 779343?
3, 259781
What are the prime factors of 765648?
2, 3, 13, 409
List the prime factors of 4793240.
2, 5, 119831
List the prime factors of 1166676.
2, 3, 7, 17, 19, 43
What are the prime factors of 65863?
7, 97
What are the prime factors of 164492?
2, 17, 41, 59
List the prime factors of 505897.
7, 72271
List the prime factors of 38710.
2, 5, 7, 79
List the prime factors of 8637456.
2, 3, 179947
What are the prime factors of 826831?
826831
What are the prime factors of 3857835?
3, 5, 257189
What are the prime factors of 15770682?
2, 3, 876149
List the prime factors of 29143.
151, 193
What are the prime factors of 70120?
2, 5, 1753
What are the prime factors of 439547?
127, 3461
What are the prime factors of 77717?
23, 31, 109
List the prime factors of 36013.
36013
List the prime factors of 2213653.
13, 47, 3623
List the prime factors of 1614928.
2, 7, 14419
What are the prime factors of 1179251?
1179251
What are the prime factors of 14653559?
3823, 3833
What are the prime factors of 5428158?
2, 3, 904693
List the prime factors of 2066516.
2, 19, 27191
What are the prime factors of 19581492?
2, 3, 7, 233113
What are the prime factors of 417030?
2, 3, 5, 13901
List the prime factors of 32843796.
2, 3, 17, 131, 1229
What are the prime factors of 1460985?
3, 5, 173, 563
List the prime factors of 5837327.
1907, 3061
What are the prime factors of 1196072?
2, 307, 487
What are the prime factors of 816899?
816899
What are the prime factors of 2001675?
3, 5, 13, 2053
What are the prime factors of 6761776?
2, 7, 60373
What are the prime factors of 8021458?
2, 19, 29, 251
List the prime factors of 2770464.
2, 3, 28859
What are the prime factors of 253014?
2, 3, 42169
List the prime factors of 136658.
2, 68329
List the prime factors of 1108568.
2, 138571
List the prime factors of 520237.
23, 22619
List the prime factors of 76121.
163, 467
What are the prime factors of 7407779?
61, 121439
List the prime factors of 6179608.
2, 772451
List the prime factors of 1425262.
2, 712631
What are the prime factors of 1035618?
2, 3,